{"id":2456,"date":"2018-06-26T18:31:11","date_gmt":"2018-06-26T18:31:11","guid":{"rendered":"http:\/\/arquersolivella.com\/wordpress\/?page_id=2456"},"modified":"2018-06-26T18:41:50","modified_gmt":"2018-06-26T18:41:50","slug":"vii-open-3d-festa-major-olivella","status":"publish","type":"page","link":"https:\/\/arquersolivella.com\/wordpress\/?page_id=2456","title":{"rendered":"2018 &#8211; Open 3D Festa Major"},"content":{"rendered":"<div id=\"pl-2456\"  class=\"panel-layout\" >\n<div id=\"pg-2456-0\"  class=\"panel-grid panel-has-style\"  data-style=\"{&quot;padding&quot;:&quot;0px 0px 0px 0px&quot;,&quot;mobile_padding&quot;:&quot;0px 0px 0px 0px&quot;,&quot;background_image_attachment&quot;:&quot;1117&quot;,&quot;background_display&quot;:&quot;parallax&quot;,&quot;row_stretch&quot;:&quot;full&quot;,&quot;cell_alignment&quot;:&quot;flex-start&quot;}\"  data-ratio=\"1\"  data-ratio-direction=\"right\" >\n<div class=\"siteorigin-panels-stretch panel-row-style panel-row-style-for-2456-0\" data-siteorigin-parallax=\"{&quot;backgroundUrl&quot;:&quot;https:\\\/\\\/arquersolivella.com\\\/wordpress\\\/wp-content\\\/uploads\\\/2016\\\/08\\\/DSC03714.jpg&quot;,&quot;backgroundSize&quot;:[5456,3632],&quot;backgroundSizing&quot;:&quot;scaled&quot;,&quot;limitMotion&quot;:&quot;auto&quot;}\" data-stretch-type=\"full\" >\n<div id=\"pgc-2456-0-0\"  class=\"panel-grid-cell\"  data-weight=\"1\" >\n<div id=\"panel-2456-0-0-0\" class=\"so-panel widget widget_sow-headline panel-first-child panel-last-child\" data-index=\"0\" data-style=\"{&quot;padding&quot;:&quot;300px 0px 300px 0px&quot;,&quot;mobile_padding&quot;:&quot;200px 0px 200px 0px&quot;,&quot;background_display&quot;:&quot;tile&quot;}\" >\n<div class=\"panel-widget-style panel-widget-style-for-2456-0-0-0\" >[siteorigin_widget class=&#8221;SiteOrigin_Widget_Headline_Widget&#8221;]<input type=\"hidden\" value=\"{&quot;instance&quot;:{&quot;headline&quot;:{&quot;text&quot;:&quot;VII OPEN 3D FESTA MAJOR OLIVELLA&quot;,&quot;destination_url&quot;:&quot;&quot;,&quot;tag&quot;:&quot;h1&quot;,&quot;color&quot;:&quot;#ffffff&quot;,&quot;hover_color&quot;:false,&quot;font&quot;:&quot;default&quot;,&quot;font_size&quot;:&quot;48px&quot;,&quot;font_size_unit&quot;:&quot;px&quot;,&quot;align&quot;:&quot;center&quot;,&quot;line_height&quot;:false,&quot;line_height_unit&quot;:&quot;px&quot;,&quot;margin&quot;:&quot;0px&quot;,&quot;margin_unit&quot;:&quot;px&quot;,&quot;so_field_container_state&quot;:&quot;open&quot;,&quot;new_window&quot;:false},&quot;sub_headline&quot;:{&quot;text&quot;:&quot;&quot;,&quot;destination_url&quot;:&quot;&quot;,&quot;tag&quot;:&quot;h3&quot;,&quot;color&quot;:false,&quot;hover_color&quot;:false,&quot;font&quot;:&quot;default&quot;,&quot;font_size&quot;:false,&quot;font_size_unit&quot;:&quot;px&quot;,&quot;align&quot;:&quot;center&quot;,&quot;line_height&quot;:false,&quot;line_height_unit&quot;:&quot;px&quot;,&quot;margin&quot;:false,&quot;margin_unit&quot;:&quot;px&quot;,&quot;so_field_container_state&quot;:&quot;closed&quot;,&quot;new_window&quot;:false},&quot;divider&quot;:{&quot;style&quot;:&quot;none&quot;,&quot;color&quot;:&quot;#EEEEEE&quot;,&quot;thickness&quot;:1,&quot;align&quot;:&quot;center&quot;,&quot;width&quot;:&quot;80%&quot;,&quot;width_unit&quot;:&quot;%&quot;,&quot;margin&quot;:false,&quot;margin_unit&quot;:&quot;px&quot;,&quot;so_field_container_state&quot;:&quot;closed&quot;},&quot;order&quot;:[&quot;headline&quot;,&quot;divider&quot;,&quot;sub_headline&quot;],&quot;fittext_compressor&quot;:0.85,&quot;_sow_form_id&quot;:&quot;5b3281fbe82b9&quot;,&quot;_sow_form_timestamp&quot;:&quot;1530038430598&quot;,&quot;fittext&quot;:false},&quot;args&quot;:{&quot;before_widget&quot;:&quot;&lt;div id=\\&quot;panel-2456-0-0-0\\&quot; class=\\&quot;so-panel widget widget_sow-headline panel-first-child panel-last-child\\&quot; data-index=\\&quot;0\\&quot; data-style=\\&quot;{&amp;quot;padding&amp;quot;:&amp;quot;300px 0px 300px 0px&amp;quot;,&amp;quot;mobile_padding&amp;quot;:&amp;quot;200px 0px 200px 0px&amp;quot;,&amp;quot;background_display&amp;quot;:&amp;quot;tile&amp;quot;}\\&quot; &gt;&lt;div class=\\&quot;panel-widget-style panel-widget-style-for-2456-0-0-0\\&quot; &gt;&quot;,&quot;after_widget&quot;:&quot;&lt;\\\/div&gt;&lt;\\\/div&gt;&quot;,&quot;before_title&quot;:&quot;&lt;h3 class=\\&quot;widget-title\\&quot;&gt;&quot;,&quot;after_title&quot;:&quot;&lt;\\\/h3&gt;&quot;,&quot;widget_id&quot;:&quot;widget-0-0-0&quot;}}\" \/>[\/siteorigin_widget]<\/div>\n<\/div>\n<\/div>\n<\/div>\n<\/div>\n<div id=\"pg-2456-1\"  class=\"panel-grid panel-no-style\"  data-style=\"{&quot;background_display&quot;:&quot;tile&quot;,&quot;cell_alignment&quot;:&quot;flex-start&quot;}\"  data-ratio=\"1\"  data-ratio-direction=\"right\" >\n<div id=\"pgc-2456-1-0\"  class=\"panel-grid-cell\"  data-weight=\"1\" >\n<div id=\"panel-2456-1-0-0\" class=\"so-panel widget widget_sow-editor panel-first-child panel-last-child\" data-index=\"1\" >\n<div class=\"so-widget-sow-editor so-widget-sow-editor-base\">\n<div class=\"siteorigin-widget-tinymce textwidget\">\n<p><strong>&#8211; DATA:<\/strong> La competici\u00f3 tindr\u00e0 lloc el dia <strong>29 de juliol del 2018<\/strong>, a les instal\u00b7lacions del CLUB ARQUERS OLIVELLA.<\/p>\n<p><strong>&#8211; PARTICIPACI\u00d3:<\/strong> Podran participar en el VII OPEN 3D FESTA MAJOR OLIVELLA, tots els arquers que estiguin en possessi\u00f3 de llic\u00e8ncia federativa.<\/p>\n<p><strong>&#8211; MODALITATS:<\/strong> S&#8217;admeten les seg\u00fcent modalitats: Longbow, Instintiu, Nu, Recorbat i Arc Compost.<\/p>\n<p><strong>&#8211; CATEGORIES:<\/strong> Les categories admeses seran: menors de 14 anys i S\u00e8nior en Homes i Dones.<\/p>\n<p>\u00a0<\/p>\n<p><strong>&#8211; INSCRIPCI\u00d3:<\/strong> El preu de la inscripci\u00f3 per als no socis ser\u00e0:<\/p>\n<p>o Preu tirada S\u00e8niors: 15 \u20ac<\/p>\n<p>o Preu tirada Menors de 14 anys: 10 \u20ac<\/p>\n<p>El preu de la inscripci\u00f3 per als socis del club ser\u00e0:<\/p>\n<p>o Preu Tirada S\u00e8niors: 10 \u20ac<\/p>\n<p>o Preu tirada Menors de 14 anys: 5 \u20ac<\/p>\n<p>\u00a0<\/p>\n<p><strong>&#8211; DINAR GERMANOR:<\/strong><\/p>\n<p>o Preu dinar germanor: 16,50 \u20ac<\/p>\n<p>\u00a0<\/p>\n<p>La inscripci\u00f3 es far\u00e0 efectiva per mitj\u00e0 de transfer\u00e8ncia banc\u00e0ria, indicant en l&#8217;ingr\u00e9s el nom (s) del participant (s) i el Club al qual pertanyen. En el cas que un arquer inscrit no particip\u00e9s o renunci\u00e9s a participar, no li ser\u00e0 retornat l&#8217;import de la inscripci\u00f3. Als que per causa justificada els sigui denegada la inscripci\u00f3, se&#8217;ls reemborsar\u00e0 l&#8217;import de les mateixes. Per tenir dret a trofeu, cal un m\u00ednim de 4 inscrits per modalitat i categoria.<\/p>\n<p>\u00a0<\/p>\n<p><strong>&#8211; COMPTE BANCARI:<\/strong> CAIXABANK ES05-2100-0024-9501-0578-1183<\/p>\n<p>\u00a0<\/p>\n<p><strong>&#8211; TERMINI:<\/strong> El termini de la inscripci\u00f3 qued\u00e9s obert a la recepci\u00f3 d&#8217;aquesta circular i es tanqu\u00e9s el dimarts 24 juliol a les 15 Hores.<\/p>\n<p>\u00a0<\/p>\n<p><strong>&#8211; CORREU ELECTR\u00d2NIC:<\/strong> Les sol\u00b7licituds s&#8217;enviaran per correu electr\u00f2nic a <a href=\"mailto:open@arquersolivella.com\">open@arquersolivella.com<\/a>, enviant conjuntament el justificant de pagament d&#8217;inscripci\u00f3 escanejada.<\/p>\n<p>\u00a0<\/p>\n<p><strong>&#8211; PARTICIPANTS:<\/strong> El nombre de participants es limita a 96 arquers.<\/p>\n<p>\u00a0<\/p>\n<p><strong>&#8211; HORARIS:<\/strong><\/p>\n<p>08:00 Concentraci\u00f3<\/p>\n<p>08:30 Revisi\u00f3 material i Escalfament.<\/p>\n<p>09:00 Inici competici\u00f3.<\/p>\n<p>11:30 Fi competici\u00f3 i Refrigeri.<\/p>\n<p>12:00 Inici Joc.<\/p>\n<p>13:30 Lliurament de Trofeus i premi.<\/p>\n<p>14:00 Dinar Germanor<\/p>\n<p>\u00a0<\/p>\n<p><strong>DESENVOLUPAMENT COMPETICI\u00d3:<\/strong><\/p>\n<p>El recorregut constar\u00e0 de 24 figures 3D. Es tiraran dues fletxes per figura, des de la mateixa piqueta i tindran el valor (11-10-8-5). Les fletxes han d&#8217;estar clavades a la figura i no es podran tocar fins al cap de puntuar-les.<\/p>\n<p>S&#8217;organitzaran patrulles de quatre arquers, procurant que no siguin del mateix club.<\/p>\n<p>En cas de dubte, es decideix la puntuaci\u00f3 en consens i en cas d&#8217;empat, el Cap (Arquer amb m\u00e9s antiguitat), decideix la puntuaci\u00f3 obtinguda.<\/p>\n<p>Es tir\u00e9s de dos en dos, sempre que sigui possible i s&#8217;alternessin el tret al seg\u00fcent diana.<\/p>\n<p>\u00a0<\/p>\n<p>Piqueta Color Blanc, menors de 14 anys.<\/p>\n<p>Piqueta de Color Vermell, Arc compost i Recurvo.<\/p>\n<p>Piqueta Blau, resta categories.<\/p>\n<p>\u00a0<\/p>\n<p>Es recomana cal\u00e7at de muntanya.<\/p>\n<p>\u00a0<\/p>\n<p>Un cop acabada la competici\u00f3, es procedir\u00e0 a prendre un refrigeri i per donar temps a fer la classificaci\u00f3 definitiva, hi haur\u00e0 la possibilitat de realitzar uns jocs a arquer que ho desitgi, El guanyador d&#8217;aquests jocs, ser\u00e0 recompensat amb un premi. S&#8217;aconsella utilitzar arc tradicional (instintiu, Longbow o Nu) i fletxes de fibra, encara que l&#8217;arquer decideix &#8230;<\/p>\n<p>\u00a0<\/p>\n<p>Posteriorment es realitzar\u00e0 l&#8217;entrega de premis i el comiat. El que ho desitgi, podr\u00e0 acudir al dinar de Germanor que es realitz\u00e9s posteriorment.<\/p>\n<p>\u00a0<\/p>\n<p><strong>&#8211; DINAR:<\/strong> Despr\u00e9s del tiratge, es realitzar\u00e0 un dinar de germanor al Restaurant CAL JOANET, a la qual estan convidats a acudir tots els arquers participants i acompanyants. Els que vulguin anar el menjar, hauran d&#8217;indicar-ho a l&#8217;hora d&#8217;inscriure en el tiratge.<\/p>\n<p>Per motius de planificaci\u00f3, s&#8217;ha d&#8217;indicar en el full d&#8217;inscripci\u00f3 el primer i segon plat que prengu\u00e9s en el menjar. Els plats a escollir s\u00f3n:<\/p>\n<p>\u00a0<\/p>\n<p><strong>PRIMERS:<\/strong><\/p>\n<p>Fideu\u00e0<\/p>\n<p>Espardenya (Torrada d&#8217;Escalivada i anxoves)<\/p>\n<p>Carpaccio de pinya amb pernil<\/p>\n<p>\u00a0<\/p>\n<p><strong>SEGONS:<\/strong><\/p>\n<p>Cuixites de pollastre amb prunes i pinyons<\/p>\n<p>Brao de xai al forn<\/p>\n<p>Bacalla a la llauna<\/p>\n<p>\u00a0<\/p>\n<p>Tot aix\u00f2 regat amb vins del Pened\u00e8s i aigua mineral, i inclou postres i caf\u00e8.<\/p>\n<p>Tot el que no est\u00e0 incl\u00f2s en aquest men\u00fa \u00e9s per compte de cada persona.<\/p>\n<p>Si hi ha alguna persona amb algun tipus d&#8217;intoler\u00e0ncia aliment\u00e0ria, ho ha de comunicar per poder adaptar-lo.<\/p>\n<\/div>\n<\/div>\n<\/div>\n<\/div>\n<\/div>\n<\/div>\n","protected":false},"excerpt":{"rendered":"<p>[siteorigin_widget class=&#8221;SiteOrigin_Widget_Headline_Widget&#8221;][\/siteorigin_widget] &#8211; DATA: La competici\u00f3 tindr\u00e0 lloc el dia 29 de juliol del 2018, a les instal\u00b7lacions del CLUB ARQUERS OLIVELLA. &#8211; PARTICIPACI\u00d3: Podran participar en el VII OPEN 3D FESTA MAJOR OLIVELLA, tots els arquers que estiguin en possessi\u00f3 de llic\u00e8ncia federativa. &#8211; MODALITATS: S&#8217;admeten les seg\u00fcent modalitats: Longbow, Instintiu, Nu, Recorbat i<\/p>\n<p><a href=\"https:\/\/arquersolivella.com\/wordpress\/?page_id=2456\" class=\"more-link themebutton\">Read More<\/a><\/p>\n","protected":false},"author":2,"featured_media":0,"parent":26,"menu_order":0,"comment_status":"closed","ping_status":"closed","template":"","meta":{"footnotes":""},"class_list":["post-2456","page","type-page","status-publish","hentry"],"_links":{"self":[{"href":"https:\/\/arquersolivella.com\/wordpress\/index.php?rest_route=\/wp\/v2\/pages\/2456","targetHints":{"allow":["GET"]}}],"collection":[{"href":"https:\/\/arquersolivella.com\/wordpress\/index.php?rest_route=\/wp\/v2\/pages"}],"about":[{"href":"https:\/\/arquersolivella.com\/wordpress\/index.php?rest_route=\/wp\/v2\/types\/page"}],"author":[{"embeddable":true,"href":"https:\/\/arquersolivella.com\/wordpress\/index.php?rest_route=\/wp\/v2\/users\/2"}],"replies":[{"embeddable":true,"href":"https:\/\/arquersolivella.com\/wordpress\/index.php?rest_route=%2Fwp%2Fv2%2Fcomments&post=2456"}],"version-history":[{"count":38,"href":"https:\/\/arquersolivella.com\/wordpress\/index.php?rest_route=\/wp\/v2\/pages\/2456\/revisions"}],"predecessor-version":[{"id":2495,"href":"https:\/\/arquersolivella.com\/wordpress\/index.php?rest_route=\/wp\/v2\/pages\/2456\/revisions\/2495"}],"up":[{"embeddable":true,"href":"https:\/\/arquersolivella.com\/wordpress\/index.php?rest_route=\/wp\/v2\/pages\/26"}],"wp:attachment":[{"href":"https:\/\/arquersolivella.com\/wordpress\/index.php?rest_route=%2Fwp%2Fv2%2Fmedia&parent=2456"}],"curies":[{"name":"wp","href":"https:\/\/api.w.org\/{rel}","templated":true}]}}

<div id="pl-2456"  class="panel-layout" >
<div id="pg-2456-0"  class="panel-grid panel-has-style"  data-style="{&quot;padding&quot;:&quot;0px 0px 0px 0px&quot;,&quot;mobile_padding&quot;:&quot;0px 0px 0px 0px&quot;,&quot;background_image_attachment&quot;:&quot;1117&quot;,&quot;background_display&quot;:&quot;parallax&quot;,&quot;row_stretch&quot;:&quot;full&quot;,&quot;cell_alignment&quot;:&quot;flex-start&quot;}"  data-ratio="1"  data-ratio-direction="right" >
<div class="siteorigin-panels-stretch panel-row-style panel-row-style-for-2456-0" data-siteorigin-parallax="{&quot;backgroundUrl&quot;:&quot;https:\/\/arquersolivella.com\/wordpress\/wp-content\/uploads\/2016\/08\/DSC03714.jpg&quot;,&quot;backgroundSize&quot;:[5456,3632],&quot;backgroundSizing&quot;:&quot;scaled&quot;,&quot;limitMotion&quot;:&quot;auto&quot;}" data-stretch-type="full" >
<div id="pgc-2456-0-0"  class="panel-grid-cell"  data-weight="1" >
<div id="panel-2456-0-0-0" class="so-panel widget widget_sow-headline panel-first-child panel-last-child" data-index="0" data-style="{&quot;padding&quot;:&quot;300px 0px 300px 0px&quot;,&quot;mobile_padding&quot;:&quot;200px 0px 200px 0px&quot;,&quot;background_display&quot;:&quot;tile&quot;}" >
<div class="panel-widget-style panel-widget-style-for-2456-0-0-0" >[siteorigin_widget class=&#8221;SiteOrigin_Widget_Headline_Widget&#8221;]<input type="hidden" value="{&quot;instance&quot;:{&quot;headline&quot;:{&quot;text&quot;:&quot;VII OPEN 3D FESTA MAJOR OLIVELLA&quot;,&quot;destination_url&quot;:&quot;&quot;,&quot;tag&quot;:&quot;h1&quot;,&quot;color&quot;:&quot;#ffffff&quot;,&quot;hover_color&quot;:false,&quot;font&quot;:&quot;default&quot;,&quot;font_size&quot;:&quot;48px&quot;,&quot;font_size_unit&quot;:&quot;px&quot;,&quot;align&quot;:&quot;center&quot;,&quot;line_height&quot;:false,&quot;line_height_unit&quot;:&quot;px&quot;,&quot;margin&quot;:&quot;0px&quot;,&quot;margin_unit&quot;:&quot;px&quot;,&quot;so_field_container_state&quot;:&quot;open&quot;,&quot;new_window&quot;:false},&quot;sub_headline&quot;:{&quot;text&quot;:&quot;&quot;,&quot;destination_url&quot;:&quot;&quot;,&quot;tag&quot;:&quot;h3&quot;,&quot;color&quot;:false,&quot;hover_color&quot;:false,&quot;font&quot;:&quot;default&quot;,&quot;font_size&quot;:false,&quot;font_size_unit&quot;:&quot;px&quot;,&quot;align&quot;:&quot;center&quot;,&quot;line_height&quot;:false,&quot;line_height_unit&quot;:&quot;px&quot;,&quot;margin&quot;:false,&quot;margin_unit&quot;:&quot;px&quot;,&quot;so_field_container_state&quot;:&quot;closed&quot;,&quot;new_window&quot;:false},&quot;divider&quot;:{&quot;style&quot;:&quot;none&quot;,&quot;color&quot;:&quot;#EEEEEE&quot;,&quot;thickness&quot;:1,&quot;align&quot;:&quot;center&quot;,&quot;width&quot;:&quot;80%&quot;,&quot;width_unit&quot;:&quot;%&quot;,&quot;margin&quot;:false,&quot;margin_unit&quot;:&quot;px&quot;,&quot;so_field_container_state&quot;:&quot;closed&quot;},&quot;order&quot;:[&quot;headline&quot;,&quot;divider&quot;,&quot;sub_headline&quot;],&quot;fittext_compressor&quot;:0.85,&quot;_sow_form_id&quot;:&quot;5b3281fbe82b9&quot;,&quot;_sow_form_timestamp&quot;:&quot;1530038430598&quot;,&quot;fittext&quot;:false},&quot;args&quot;:{&quot;before_widget&quot;:&quot;&lt;div id=\&quot;panel-2456-0-0-0\&quot; class=\&quot;so-panel widget widget_sow-headline panel-first-child panel-last-child\&quot; data-index=\&quot;0\&quot; data-style=\&quot;{&amp;quot;padding&amp;quot;:&amp;quot;300px 0px 300px 0px&amp;quot;,&amp;quot;mobile_padding&amp;quot;:&amp;quot;200px 0px 200px 0px&amp;quot;,&amp;quot;background_display&amp;quot;:&amp;quot;tile&amp;quot;}\&quot; &gt;&lt;div class=\&quot;panel-widget-style panel-widget-style-for-2456-0-0-0\&quot; &gt;&quot;,&quot;after_widget&quot;:&quot;&lt;\/div&gt;&lt;\/div&gt;&quot;,&quot;before_title&quot;:&quot;&lt;h3 class=\&quot;widget-title\&quot;&gt;&quot;,&quot;after_title&quot;:&quot;&lt;\/h3&gt;&quot;,&quot;widget_id&quot;:&quot;widget-0-0-0&quot;}}" />[/siteorigin_widget]</div>
</div>
</div>
</div>
</div>
<div id="pg-2456-1"  class="panel-grid panel-no-style"  data-style="{&quot;background_display&quot;:&quot;tile&quot;,&quot;cell_alignment&quot;:&quot;flex-start&quot;}"  data-ratio="1"  data-ratio-direction="right" >
<div id="pgc-2456-1-0"  class="panel-grid-cell"  data-weight="1" >
<div id="panel-2456-1-0-0" class="so-panel widget widget_sow-editor panel-first-child panel-last-child" data-index="1" >
<div class="so-widget-sow-editor so-widget-sow-editor-base">
<div class="siteorigin-widget-tinymce textwidget">
<p><strong>&#8211; DATA:</strong> La competició tindrà lloc el dia <strong>29 de juliol del 2018</strong>, a les instal·lacions del CLUB ARQUERS OLIVELLA.</p>
<p><strong>&#8211; PARTICIPACIÓ:</strong> Podran participar en el VII OPEN 3D FESTA MAJOR OLIVELLA, tots els arquers que estiguin en possessió de llicència federativa.</p>
<p><strong>&#8211; MODALITATS:</strong> S&#8217;admeten les següent modalitats: Longbow, Instintiu, Nu, Recorbat i Arc Compost.</p>
<p><strong>&#8211; CATEGORIES:</strong> Les categories admeses seran: menors de 14 anys i Sènior en Homes i Dones.</p>
<p> </p>
<p><strong>&#8211; INSCRIPCIÓ:</strong> El preu de la inscripció per als no socis serà:</p>
<p>o Preu tirada Sèniors: 15 €</p>
<p>o Preu tirada Menors de 14 anys: 10 €</p>
<p>El preu de la inscripció per als socis del club serà:</p>
<p>o Preu Tirada Sèniors: 10 €</p>
<p>o Preu tirada Menors de 14 anys: 5 €</p>
<p> </p>
<p><strong>&#8211; DINAR GERMANOR:</strong></p>
<p>o Preu dinar germanor: 16,50 €</p>
<p> </p>
<p>La inscripció es farà efectiva per mitjà de transferència bancària, indicant en l&#8217;ingrés el nom (s) del participant (s) i el Club al qual pertanyen. En el cas que un arquer inscrit no participés o renunciés a participar, no li serà retornat l&#8217;import de la inscripció. Als que per causa justificada els sigui denegada la inscripció, se&#8217;ls reemborsarà l&#8217;import de les mateixes. Per tenir dret a trofeu, cal un mínim de 4 inscrits per modalitat i categoria.</p>
<p> </p>
<p><strong>&#8211; COMPTE BANCARI:</strong> CAIXABANK ES05-2100-0024-9501-0578-1183</p>
<p> </p>
<p><strong>&#8211; TERMINI:</strong> El termini de la inscripció quedés obert a la recepció d&#8217;aquesta circular i es tanqués el dimarts 24 juliol a les 15 Hores.</p>
<p> </p>
<p><strong>&#8211; CORREU ELECTRÒNIC:</strong> Les sol·licituds s&#8217;enviaran per correu electrònic a <a href="mailto:open@arquersolivella.com">open@arquersolivella.com</a>, enviant conjuntament el justificant de pagament d&#8217;inscripció escanejada.</p>
<p> </p>
<p><strong>&#8211; PARTICIPANTS:</strong> El nombre de participants es limita a 96 arquers.</p>
<p> </p>
<p><strong>&#8211; HORARIS:</strong></p>
<p>08:00 Concentració</p>
<p>08:30 Revisió material i Escalfament.</p>
<p>09:00 Inici competició.</p>
<p>11:30 Fi competició i Refrigeri.</p>
<p>12:00 Inici Joc.</p>
<p>13:30 Lliurament de Trofeus i premi.</p>
<p>14:00 Dinar Germanor</p>
<p> </p>
<p><strong>DESENVOLUPAMENT COMPETICIÓ:</strong></p>
<p>El recorregut constarà de 24 figures 3D. Es tiraran dues fletxes per figura, des de la mateixa piqueta i tindran el valor (11-10-8-5). Les fletxes han d&#8217;estar clavades a la figura i no es podran tocar fins al cap de puntuar-les.</p>
<p>S&#8217;organitzaran patrulles de quatre arquers, procurant que no siguin del mateix club.</p>
<p>En cas de dubte, es decideix la puntuació en consens i en cas d&#8217;empat, el Cap (Arquer amb més antiguitat), decideix la puntuació obtinguda.</p>
<p>Es tirés de dos en dos, sempre que sigui possible i s&#8217;alternessin el tret al següent diana.</p>
<p> </p>
<p>Piqueta Color Blanc, menors de 14 anys.</p>
<p>Piqueta de Color Vermell, Arc compost i Recurvo.</p>
<p>Piqueta Blau, resta categories.</p>
<p> </p>
<p>Es recomana calçat de muntanya.</p>
<p> </p>
<p>Un cop acabada la competició, es procedirà a prendre un refrigeri i per donar temps a fer la classificació definitiva, hi haurà la possibilitat de realitzar uns jocs a arquer que ho desitgi, El guanyador d&#8217;aquests jocs, serà recompensat amb un premi. S&#8217;aconsella utilitzar arc tradicional (instintiu, Longbow o Nu) i fletxes de fibra, encara que l&#8217;arquer decideix &#8230;</p>
<p> </p>
<p>Posteriorment es realitzarà l&#8217;entrega de premis i el comiat. El que ho desitgi, podrà acudir al dinar de Germanor que es realitzés posteriorment.</p>
<p> </p>
<p><strong>&#8211; DINAR:</strong> Després del tiratge, es realitzarà un dinar de germanor al Restaurant CAL JOANET, a la qual estan convidats a acudir tots els arquers participants i acompanyants. Els que vulguin anar el menjar, hauran d&#8217;indicar-ho a l&#8217;hora d&#8217;inscriure en el tiratge.</p>
<p>Per motius de planificació, s&#8217;ha d&#8217;indicar en el full d&#8217;inscripció el primer i segon plat que prengués en el menjar. Els plats a escollir són:</p>
<p> </p>
<p><strong>PRIMERS:</strong></p>
<p>Fideuà</p>
<p>Espardenya (Torrada d&#8217;Escalivada i anxoves)</p>
<p>Carpaccio de pinya amb pernil</p>
<p> </p>
<p><strong>SEGONS:</strong></p>
<p>Cuixites de pollastre amb prunes i pinyons</p>
<p>Brao de xai al forn</p>
<p>Bacalla a la llauna</p>
<p> </p>
<p>Tot això regat amb vins del Penedès i aigua mineral, i inclou postres i cafè.</p>
<p>Tot el que no està inclòs en aquest menú és per compte de cada persona.</p>
<p>Si hi ha alguna persona amb algun tipus d&#8217;intolerància alimentària, ho ha de comunicar per poder adaptar-lo.</p>
</div>
</div>
</div>
</div>
</div>
</div>

<p>[siteorigin_widget class=&#8221;SiteOrigin_Widget_Headline_Widget&#8221;][/siteorigin_widget] &#8211; DATA: La competició tindrà lloc el dia 29 de juliol del 2018, a les instal·lacions del CLUB ARQUERS OLIVELLA. &#8211; PARTICIPACIÓ: Podran participar en el VII OPEN 3D FESTA MAJOR OLIVELLA, tots els arquers que estiguin en possessió de llicència federativa. &#8211; MODALITATS: S&#8217;admeten les següent modalitats: Longbow, Instintiu, Nu, Recorbat i</p>
<p><a href="https://arquersolivella.com/wordpress/?page_id=2456" class="more-link themebutton">Read More</a></p>
